t of b?
5
Suppose -12*a = -363359 - 239905. Suppose 35*x = -16882 + a. What is the tens digit of x?
5
Suppose 5*z = -3*k - 3, -29*k + 2 = -31*k. What is the tens digit of ((-4 - 16) + z)*428/(-10)?
5
Let j(o) = -o + 31. Let d be j(8). Let c = d - 21. Suppose 252 = c*m - 3*g, 3*g = 5*g. What is the tens digit of m?
2
Let n be 30/12*390/25. Suppose -n*w = -30*w - 3051. What is the units digit of w?
9
Suppose 4*d - 27881 = -6381. What is the units digit of (-10)/(-315)*-7 - d/(-9)?
7
What is the ten thousands digit of 56*1*599734/1816?
1
Let p = -68 - -176. Let w(n) = -57*n + 4. Let q be w(-4). Let b = q - p. What is the tens digit of b?
2
Let l(a) = 151*a**2 + 122*a + 1367. What is the ten thousands digit of l(-11)?
1
Suppose 0 = -20*k + 22*k - 44. Let o(w) = 8*w - 9*w - 2*w + k*w - 48. What is the units digit of o(6)?
6
Let w be (-1)/(-9) - 34/(-18). Suppose 2*d + 29 = f - 387, -10 = -w*d. What is the tens digit of f?
2
Let d = -3768 + 3752. Suppose -10 + 124 = 3*u. What is the units digit of 4/(d/(-6))*u?
7
Let u be 3 - (1 + 108 + 4). Let h = u + -175. What is the units digit of (-26)/(-91) - h/7?
1
Let y be (-2)/(-4) - (-58)/4. Let k(c) = 9*c - 152. Let g be k(26). Let z = g + y. What is the units digit of z?
7
Let m = -109 + 118. Let b(f) = -f**3 + 15*f**2 + 6*f + 62. What is the tens digit of b(m)?
0
Let u(a) = -19*a - 38. Let i be u(-5). What is the units digit of i*175/15 - 6?
9
Let y(z) = 2*z**2 + 22*z + 39. Let o = 150 - 210. Let j = o - -47. What is the tens digit of y(j)?
9
Suppose 20*d - 10*d - 5690 = 0. Suppose -d = 3*q - 4634. What is the tens digit of q?
5
Suppose -16*q + 38*q + 11*q = 110550. What is the thousands digit of q?
3
Suppose -13218 = -g + 5*k + 7594, 0 = 5*g + 5*k - 103940. What is the ten thousands digit of g?
2
Let f(c) = 18*c**2 - 52*c + 80. What is the ten thousands digit of f(47)?
3
Suppose 5*f = -3*x + 146572, -x - 93846 + 5914 = -3*f. What is the thousands digit of f?
9
Let m be 4/30 - (-40226)/30. What is the thousands digit of m - (-16 - -7) - 1?
1
Let t be -4*(-2)/(16/10). Suppose -3*z + 208 = 2*u, 9*z - 5*z - 239 = t*u. What is the tens digit of z?
6
Let y(w) = 11*w**2 - 121*w - 3076. What is the hundreds digit of y(-51)?
7
Suppose 0 = 6*q - 10*q + 2012. Let c be (-24)/(-32) + q/(-4). Let s = -86 - c. What is the units digit of s?
9
Suppose 2*t + 2*t = -4*w - 660, 5*t = 2*w + 337. Let g = -2762 - -2520. Let o = w - g. What is the tens digit of o?
7
Suppose -596 = -4*k + 532. Let m = k + 126. What is the tens digit of m?
0
Suppose 20*g = 7*g - 702. What is the tens digit of (-20187)/g + 11 + (-2)/(-12)?
8
Let v be -5 + (-130)/40*-2*2. Let p(o) = 2*o**2 + 11*o + 15. What is the hundreds digit of p(v)?
2
Let z(o) = o + 1 - 7*o + 5*o + o**2 - 4. Let r be z(0). What is the tens digit of (154 - 0)/(-4 - (-2 + r))?
5
Suppose 0 = 3*i + 3*l - 30272 - 74461, 0 = 3*i - 2*l - 104763. What is the thousands digit of i?
4
Suppose 0 = -t + d + 2, -2*t + 8 = 2*t - 5*d. Suppose 2*i + 11 = 5*i - 2*w, -1 = t*i - 3*w. Let c(b) = b**2 - 2*b - 16. What is the units digit of c(i)?
9
Suppose h = l - 1, 4*h + 10 - 26 = -l. Let q be (54/8 - h)*4. What is the tens digit of 54 + -6*(-10)/q?
5
Suppose -7*i - 159 = 177. Let c be (258/(-15))/(-3 + i/(-15)). Let w = -53 - c. What is the units digit of w?
3
Let r be 0 - -3 - (30 + -29). Suppose 0 = -3*q - 2*f + 2431, -2*q + 331 + 1287 = r*f. What is the tens digit of q?
1
Suppose -2*h + 0*t + 12 = t, -5*h + 21 = -2*t. Suppose h*d = 6*d - 56. What is the tens digit of d?
5
Let k(m) = 7*m + 135. Let n be k(-21). What is the units digit of 7/((-28)/n) - -791?
4
Let s be (-2)/11 - (2 + 23880/66). Let a = 1401 + s. What is the units digit of a?
7
Let k = -3222 - -7259. What is the hundreds digit of k?
0
Let z = -468 - -712. Let q = 791 - z. What is the hundreds digit of q?
5
What is the thousands digit of -15 + 8779 + -13 + 7?
8
Let w be 56*(-3)/((-15)/10). Suppose -3594 = w*f - 118*f. What is the hundreds digit of f?
5
Suppose 1 = -2*q + 3*y, -4*q + 3 = -8*y + 3*y. Let j(g) = -g**3 + 8*g**2 - 6*g - 9. Let m be j(q). What is the tens digit of (m - -2) + 81 + -3?
7
Let g(n) = n**3 - 18*n**2 + 35*n - 33. Let c be g(16). Let o(a) = 3*a - 5*a + 20 + c*a**2 + 1 - 6*a. What is the tens digit of o(3)?
3
Let d(f) = f**3 + 10*f**2 - 3*f - 16. Let x be d(-6). Let c = 227 - x. Suppose 4*t + 12 = 0, 0 = -5*b + 3*t - t + c. What is the units digit of b?
5
Let j(n) = -148*n + 9. Suppose 2*s - 5*h + 31 = 0, -h - 3*h = 3*s - 11. What is the hundreds digit of j(s)?
4
Suppose 5*d - 6*d = 3*d - 101828. What is the hundreds digit of d?
4
Let j be 4/26 - 5244/(-52). Suppose -f + j = -205. What is the tens digit of f?
0
What is the hundreds digit of 0 + 5 - -20222*(-33)/176*-8?
3
Suppose 21*n = 24824 - 16095 + 32389. What is the units digit of n?
8
Let f(k) = 37*k**3 + 5*k**2 - 25*k - 4. Let q be f(4). Suppose 8*x - 1147 = -2*w + 5*x, 0 = -4*w + 4*x + q. What is the hundreds digit of w?
5
Let j = 66805 + -18385. What is the tens digit of j?
2
Let o(n) = -n**3 + 42*n**2 - 64*n - 77. What is the units digit of o(19)?
0
What is the ten thousands digit of (-7 - 195/(-27)) + ((-471860)/(-45) - 0)?
1
Let l = 86 - 70. Suppose -11*b = -l*b + 300. What is the tens digit of b?
6
Suppose 4*l + 2*v - 38856 = 0, -3*v = -5*l + 21674 + 26940. What is the tens digit of l?
1
Let q = 39175 - 11546. What is the tens digit of q?
2
Let z(h) = -37*h - 51. Let w = 215 - 221. What is the tens digit of z(w)?
7
Let s be (96/(-10))/(-5 + 2147/430). Suppose -156*z + 158*z - s = 0. What is the units digit of z?
8
Suppose -t = -1639 + 344. Let b = -907 + t. What is the units digit of b?
8
What is the units digit of 5 + 2907 - 12/(1 - -1)?
6
Let t = -30 + 30. Suppose 37*h - 40*h + 6 = t. Suppose h*x + 55 = 147. What is the tens digit of x?
4
What is the units digit of 2/((1/6046)/(-8 - (-357)/42))?
6
Let u be (32/(-48))/((-4)/174). Let a(y) = 45*y + 2. Let v be a(3). Suppose v = 3*i + u. What is the units digit of i?
6
Let c = -23 - -28. Suppose -j = -2*j - 2, c*l - j + 163 = 0. Let r = 97 + l. What is the units digit of r?
4
Let g(x) be the third derivative of -21*x**4/8 - 51*x**3/2 + 106*x**2. What is the units digit of g(-6)?
5
Suppose 2*h - 11 = -5*a + 163, -4*h + 24 = a. Suppose c - 12 = -3*k, 0 = -2*c - c + 4*k + 88. What is the tens digit of ((-438)/c)/(1/(a/(-3)))?
1
What is the thousands digit of (-9 - 90/(-20))*8146/(-3)?
2
Suppose 3*j = 80 - 2. Let z = 38 - j. What is the hundreds digit of z/(-72) + (-3542)/(-12)?
2
Suppose 0 = -0*g + 3*g - 6. Suppose u = g*u + n - 94, -n = 3*u - 292. What is the units digit of u?
9
Let m(i) = -i**2 + 11*i. Let h be m(11). Suppose 3*c - 2*k = 20 - 5, c - 2*k - 5 = h. Suppose 260 = c*t - 3*t. What is the tens digit of t?
3
Suppose -5*q - 2*z + 41845 = 0, 309*z - 25091 = -3*q + 311*z. What is the tens digit of q?
6
Let n(q) = 1119*q + 6352. What is the thousands digit of n(16)?
4
Let d be (-1)/1 + ((-135948)/3 - -8). What is the units digit of d/(-198) - 1/(-6) - -2?
1
Let c(a) = -a**3 + 9*a**2 + 8. Let z be (-20)/(-6)*9/6. Let w be ((-6)/(-3))/(2/z) - -1. What is the units digit of c(w)?
6
Let t(d) be the first derivative of -11*d**2/2 + 4*d + 3. Let f be t(1). What is the units digit of (-14475)/(-175) + (-1)/f*2?
3
Suppose 82*i - 35 = 87*i. Let p(w) = 27*w**2 + 20*w - 30. What is the thousands digit of p(i)?
1
Let p(o) = 4*o**2 + 6*o - 5. Let i be p(4). Suppose -180*g - 828 = -186*g. Let s = g - i. What is the units digit of s?
5
Let t = 114 + -51. Suppose t = -6*u + 3*u. What is the units digit of ((-1078)/u)/11*(-1 + 13)?
6
Let o be 4/4 + 1 + -10. Let q = 13 + o. Suppose -5*u = -q*f + 165, 3*u + 139 - 6 = 4*f. What is the units digit of f?
4
Let l = 34854 + 28574. What is the hundreds digit of l?
4
Let c(w) = -44*w - 23. Suppose 0 = 4*k + 12 - 0, 4*u = -2*k - 62. What is the units digit of c(u)?
3
Let m(r) = -r**3 - 2*r**2. Let z(j) = -4*j**3 - 12*j**2 + j + 13. Let t(q) = -5*m(q) + z(q). What is the units digit of t(10)?
3
Let t(l) = -2*l**3 - 8*l**2 - 7*l - 6. Let g be t(-5). Let r = -79 + g. Suppose -c + 105 = -5*p, -3*c - 3*p + r*p + 315 = 0. What is the tens digit of c?
0
Let j = 3661 + -1108. Suppose 5*p - 5*n - 4345 = 0, 3*p = -5*n + 22 + j. What is the tens digit of p?
6
Suppose -i + 2*i 